tor of 19717116 and 12?
12
What is the highest common factor of 904883 and 1878?
313
Calculate the highest common divisor of 468 and 92.
4
What is the greatest common factor of 3689 and 2975?
119
What is the highest common divisor of 7686 and 53676?
126
What is the highest common factor of 111154 and 596?
298
What is the greatest common divisor of 6088 and 32?
8
Calculate the greatest common factor of 8381 and 119.
17
What is the greatest common factor of 7493 and 8791?
59
What is the highest common factor of 11 and 35101?
11
What is the highest common divisor of 1197960 and 36?
12
Calculate the greatest common divisor of 390661 and 482.
241
Calculate the greatest common divisor of 184 and 57868.
92
Calculate the highest common divisor of 51872 and 192.
32
Calculate the greatest common divisor of 278180 and 140.
140
Calculate the highest common divisor of 148848 and 924.
84
What is the highest common divisor of 6426 and 5292?
378
Calculate the highest common factor of 68568 and 52.
4
Calculate the highest common divisor of 480 and 911100.
60
Calculate the greatest common divisor of 824 and 343814.
206
Calculate the highest common factor of 68 and 548114.
34
Calculate the highest common factor of 462442 and 1062.
118
What is the highest common factor of 49645 and 25?
5
Calculate the greatest common factor of 21224 and 28.
28
What is the highest common divisor of 77 and 279103?
11
Calculate the highest common factor of 125316 and 144.
36
What is the highest common factor of 14711 and 313?
313
Calculate the highest common factor of 6623 and 481.
37
What is the highest common divisor of 5586 and 14934?
114
What is the greatest common divisor of 66798 and 432?
54
Calculate the highest common divisor of 8872 and 88.
8
Calculate the highest common divisor of 304 and 1132.
4
What is the greatest common divisor of 14921638 and 146?
146
What is the highest common divisor of 193 and 4992910?
193
What is the greatest common factor of 1808 and 97858?
226
Calculate the highest common divisor of 1504 and 470.
94
Calculate the highest common factor of 1452 and 192.
12
What is the greatest common factor of 133094 and 78?
26
What is the greatest common factor of 4213 and 264?
11
Calculate the greatest common factor of 47716 and 6191.
151
What is the highest common factor of 162995 and 245?
35
What is the greatest common divisor of 1396 and 721034?
698
Calculate the greatest common divisor of 1725 and 130295.
115
Calculate the greatest common divisor of 293161 and 957.
319
Calculate the greatest common divisor of 103166 and 56.
14
Calculate the highest common factor of 2098824 and 4914.
546
What is the greatest common divisor of 22701 and 1932?
483
Calculate the highest common divisor of 4054 and 4.
2
Calculate the highest common divisor of 38598 and 12.
6
Calculate the highest common factor of 14758 and 1504.
94
Calculate the greatest common factor of 1694 and 406.
14
What is the highest common divisor of 11100 and 132?
12
Calculate the highest common divisor of 8804 and 213.
71
Calculate the greatest common factor of 2133 and 312840.
711
Calculate the highest common factor of 121 and 6235735.
121
Calculate the greatest common factor of 35 and 1794485.
35
What is the greatest common divisor of 134300 and 300?
100
What is the greatest common divisor of 426 and 18582?
6
What is the highest common factor of 11 and 239327?
11
Calculate the greatest common divisor of 91612 and 2738.
74
What is the greatest common factor of 8659 and 175?
7
What is the highest common factor of 12192 and 416?
32
Calculate the highest common divisor of 2304 and 3816.
72
What is the greatest common factor of 2 and 8660?
2
Calculate the greatest common divisor of 7209 and 5874.
267
What is the greatest common divisor of 272 and 377840?
16
Calculate the greatest common divisor of 96743 and 161963.
1087
Calculate the highest common factor of 178506 and 207.
9
Calculate the greatest common divisor of 10577 and 189.
7
What is the highest common factor of 435 and 186035?
145
What is the greatest common factor of 560 and 20?
20
Calculate the highest common factor of 2083104 and 864.
864
Calculate the highest common divisor of 8339 and 184265.
269
Calculate the highest common factor of 12 and 221850.
6
What is the greatest common divisor of 118 and 25075?
59
What is the greatest common divisor of 1472 and 3392?
64
Calculate the greatest common factor of 5776 and 2987636.
1444
Calculate the greatest common factor of 399 and 3306.
57
Calculate the greatest common factor of 330 and 4590.
30
What is the highest common factor of 534 and 18?
6
Calculate the highest common factor of 123859 and 58.
29
Calculate the greatest common divisor of 52671 and 194.
97
Calculate the greatest common factor of 4536168 and 63.
21
What is the highest common factor of 196 and 30919?
49
What is the highest common divisor of 2860 and 263692?
572
Calculate the greatest common factor of 75 and 139325.
25
What is the highest common divisor of 722 and 9003701?
361
Calculate the greatest common factor of 985 and 2859455.
985
Calculate the greatest common factor of 619131 and 564.
141
What is the greatest common factor of 1600 and 330?
10
What is the highest common factor of 52653 and 3?
3
Calculate the greatest common factor of 4428 and 6507.
27
What is the highest common divisor of 5143 and 185?
37
What is the highest common factor of 4387 and 14965?
41
What is the highest common divisor of 78216 and 120?
24
What is the highest common factor of 14400 and 105696?
288
Calculate the greatest common factor of 114516 and 3204.
36
Calculate the greatest common factor of 129 and 1333.
43
What is the highest common divisor of 11 and 147895?
11
What is the greatest common factor of 19800 and 11?
11
Calculate the greatest common divisor of 156 and 30342.
78
What is the highest common factor of 4757 and 37051?
67
What is the greatest common divisor of 851 and 62675?
23
What is the highest common factor of 926796 and 48?
12
What is the greatest common factor of 537984 and 2592?
288
Calculate the highest common factor of 5502 and 24.
6
What is the greatest common divisor of 16152 and 4848?
24
Calculate the highest common factor of 106500 and 4899.
213
What is the highest common factor of 76528 and 72?
8
What is the highest common divisor of 129636 and 1404?
468
Calculate the greatest common divisor of 4824 and 16.
8
Calculate the greatest common divisor of 325069 and 305.
61
Calculate the highest common divisor of 84340 and 20.
20
What is the highest common factor of 41525 and 151?
151
Calculate the greatest common factor of 44 and 99286.
22
What is the highest common divisor of 185180 and 60?
20
Calculate the greatest common factor of 466544 and 416.
208
What is the highest common factor of 4400039 and 266?
133
Calculate the greatest common divisor of 56886 and 304.
38
What is the greatest common divisor of 535785 and 3106?
1553
What is the greatest common factor of 488615 and 1580?
395
What is the greatest common divisor of 191145 and 30?
15
Calculate the greatest common divisor of 220 and 1361404.
44
Calculate the highest common divisor of 259 and 34558.
37
Calculate the greatest common divisor of 330 and 4423430.
110
What is the highest common divisor of 27210 and 510?
30
Calculate the highest common divisor of 112 and 39352.
8
What is the greatest common factor of 225 and 115?
5
What is the greatest common divisor of 1104 and 89286?
138
What is the greatest common divisor of 162 and 4398?
6
Calculate the highest common factor of 132440 and 20.
20
Calculate the highest common factor of 60973 and 22264.
253
Calculate the highest common factor of 2 and 12279.
1
Calculate the greatest common divisor of 8710 and 35295.
65
What is the highest common divisor of 28 and 167566?
14
Calculate the highest common factor of 26712 and 29232.
504
What is the highest common factor of 175 and 4676?
7
Calculate the greatest common factor of 1322 and 31792778.
1322
Calculate the greatest common factor of 72905 and 350.
35
What is the greatest common divisor of 500 and 1420?
20
What is the greatest common divisor of 27825 and 154?
7
What is the greatest common factor of 392687 and 335?
67
Calculate the greatest common divisor of 316600 and 90.
10
